e 7, what is -45635 - 334?
-46302
In base 11, what is -1290438 + 6?
-1290432
In base 6, what is -3 + 32120540341?
32120540334
In base 3, what is -11120 + -111200210022?
-111200221212
In base 2, what is -110010010 + 100001001111110?
100000011101100
In base 14, what is 2 - 20ac9a4?
-20ac9a2
In base 14, what is -213 - -162a?
1417
In base 2, what is 101 - -10010110000001111000010?
10010110000001111000111
In base 9, what is 508423 - 6?
508416
In base 14, what is -625249 + -2?
-62524b
In base 16, what is -4 + -9677b4?
-9677b8
In base 4, what is 1310312 + -12121?
1232131
In base 16, what is -d5fff - -4?
-d5ffb
In base 2, what is 1111101000000011 + 10001100?
1111101010001111
In base 12, what is 3a31b064 + 2?
3a31b066
In base 11, what is 149167 + 67?
149223
In base 2, what is 100011011 - -1100101111100010?
1100110011111101
In base 11, what is -5911 - 101?
-5a12
In base 16, what is 1d85c + 50e?
1dd6a
In base 14, what is 29c + -3313?
-3055
In base 7, what is -36052066 - 0?
-36052066
In base 4, what is 11 - 31001001032?
-31001001021
In base 4, what is -101310 + 333223?
231313
In base 8, what is -350612113 + 15?
-350612076
In base 5, what is -2210320422 - -2?
-2210320420
In base 2, what is 1101 - 101000001010001001101?
-101000001010001000000
In base 10, what is 2467823 - 14?
2467809
In base 8, what is -1040 + 60433?
57373
In base 13, what is 274b + 10a?
2858
In base 3, what is 1210000 + -10000101121?
-2221121121
In base 5, what is -2 + 221041333341?
221041333334
In base 15, what is 18836 + 444?
18c7a
In base 6, what is -5 + -5103344?
-5103353
In base 16, what is 10a5f1 + 0?
10a5f1
In base 14, what is -22c575 + 1?
-22c574
In base 5, what is -10 + -322220044042?
-322220044102
In base 15, what is -aca79 + -2c4?
-acd4d
In base 5, what is 231 - -2122014114?
2122014400
In base 10, what is 5 - -5244353?
5244358
In base 6, what is -102 + 5235343?
5235241
In base 6, what is -4 - -25130201?
25130153
In base 12, what is 1791381 + 7?
1791388
In base 9, what is -5 - 144453405?
-144453411
In base 5, what is 22032 - -34332?
111414
In base 6, what is 2333500 - 22025?
2311431
In base 6, what is 12331 - -50400?
103131
In base 14, what is 222152 - -1a?
22216c
In base 6, what is 2 - 125504423?
-125504421
In base 5, what is -1314014 - 11220?
-1330234
In base 14, what is 32 - 5b49b3?
-5b4981
In base 9, what is 2682 + -116331?
-113538
In base 3, what is 20021 + -101212120110?
-101212100012
In base 13, what is -3499392 + 12?
-3499380
In base 12, what is -11 - -13743a?
137429
In base 11, what is 24556887 + -1?
24556886
In base 11, what is -9460 - -2a5?
-9166
In base 4, what is 2 + -1033200012322?
-1033200012320
In base 13, what is 8 - 210865?
-21085a
In base 2, what is -101 + -111000111100101110111?
-111000111100101111100
In base 2, what is 100 - 110111111000001100010?
-110111111000001011110
In base 6, what is 1135104 - -124?
1135232
In base 2, what is 10100101111101110010011001 - -110?
10100101111101110010011111
In base 2, what is -10001001101000111011011101 - 100?
-10001001101000111011100001
In base 8, what is 621453 - 0?
621453
In base 7, what is 3116656641 - -4?
3116656645
In base 9, what is 22064 + 13453?
35527
In base 11, what is -9 + -6273a99?
-6273aa7
In base 13, what is -5 + 513c7?
513c2
In base 6, what is -102253013 + -40?
-102253053
In base 5, what is -42 + -124431023?
-124431120
In base 8, what is -403 - -21535?
21132
In base 13, what is 7210 + -118?
70c5
In base 15, what is 4 + 5814bc?
5814c1
In base 3, what is -210212 - -222211111?
222000122
In base 8, what is 10130 + 141?
10271
In base 6, what is 4155 + 511100?
515255
In base 2, what is -10 - 1010110101000111101?
-1010110101000111111
In base 4, what is 1101300022311 - 2?
1101300022303
In base 11, what is 253550 + -860?
2527a0
In base 11, what is -158585 - -507?
-158079
In base 10, what is -6 - -768420?
768414
In base 6, what is 1 - 2411152312?
-2411152311
In base 9, what is 647167817 + -2?
647167815
In base 15, what is 3 + -4ca360d?
-4ca360a
In base 13, what is 2a5c2 + c6?
2a6b8
In base 3, what is -20111201121102 - 1200?
-20111201200002
In base 10, what is 228 - 111100?
-110872
In base 4, what is 1321 + -20023?
-12102
In base 13, what is -2b9 - b999a?
-b9c86
In base 11, what is 13 - -5050a475?
5050a488
In base 11, what is 3 + -96242a?
-962427
In base 7, what is 663532201 - -1?
663532202
In base 8, what is 2163775 - 3?
2163772
In base 4, what is 110221220302 - -11?
110221220313
In base 10, what is 9052 + 3544?
12596
In base 8, what is -27334 - 42?
-27376
In base 4, what is -1021122231 - -213?
-1021122012
In base 7, what is -10115015 - 25?
-10115043
In base 9, what is -25280054 - 1?
-25280055
In base 2, what is 100 + 111101111001100011111010100?
111101111001100011111011000
In base 14, what is 8 - 4a23c3?
-4a23b9
In base 3, what is -20210222 + 1020000?
-12120222
In base 16, what is -3 - -5a7ab87?
5a7ab84
In base 7, what is 252315 + -20025?
232260
In base 5, what is 202040332 - -10210?
202101042
In base 11, what is 95892a7 + -68?
958923a
In base 2, what is 1100000100 + 1001011101001?
1010111101101
In base 4, what is 130221213203 - 20?
130221213123
In base 12, what is -4 + -23929405?
-23929409
In base 11, what is -12191 + -255a?
-14740
In base 2, what is 100 + 1000011000000010111100000?
1000011000000010111100100
In base 13, what is -9693225 + 3?
-9693222
In base 5, what is -212240402 - 3?
-212240410
In base 5, what is 0 + -312333240?
-312333240
In base 13, what is -1276 + 2a43?
179a
In base 12, what is 0 - 305833?
-305833
In base 3, what is -212111000121 - 2?
-212111000200
In base 14, what is -65c66 - -9?
-65c5b
In base 3, what is -1010022012112 - 211?
-1010022020100
In base 9, what is -3 + -55585724?
-55585727
In base 15, what is 1 + 6d0cb05?
6d0cb06
In base 3, what is 11 + 20120220222201?
20120220222212
In base 6, what is 151105045 - 13?
151105032
In base 15, what is 5 - 41ee8a?
-41ee85
In base 7, what is 11346614 + -6?
11346605
In base 2, what is -10001101011010010 + 11110100?
-10001100111011110
In base 7, what is 123466 - 2124?
121342
In base 2, what is 101010011110100010101100001001 - 1?
101010011110100010101100001000
In base 11, what is -2a2a + a894?
7965
In base 12, what is b04 - 9?
ab7
In base 14, what is -1142ca - -84?
-114246
In base 9, what is -5 - 3055475?
-3055481
In base 10, what is 4472595 + -2?
4472593
In base 13, what is -1954669 - -9?
-1954660
In base 8, what is -14106 - 14176?
-30304
In base 12, what is -3835805 + 4?
-3835801
In base 2, what is -101111100101011001110 - -101101?
-101111100101010100001
In base 3, what is 11 + 1101011012110220?
1101011012111001
In base 13, what is -181 - 172c47?
-1730c8
In base 12, what is -38 - 1b31958?
-1b31994
In base 12, what is -20989 + -2478?
-23245
In base 10, what is 3134526 - -39?
3134565
In base 15, what is -6e7c2 - 11d?
-6e8e0
In base 13, what is -7129535 - -1a?
-7129518
In base 12, what is -110798 - -145?
-110653
In base 13, what is 2 - 10736c5?
-10736c3
In base 8, what is -6067 - 10?
-6077
In base 5, what is -11 - 40400220?
-40400231
In base 5, what is -11332203232 + 10?
-11332203222
In base 9, what is -4 + -114436350?
-114436354
In base 13, what is 751b0 - -33?
75213
In base 4, what is 3 - 212213200212?
-212213200203
In base 14, what is 2 + 99682b?
99682d
In base 7, what is 4105033665 + 3?
4105034001
In base 6, what is 202510022 + 3?
202510025
In base 8, what is 726455 + 2233?
730710
In base 2, what is 110101010011100010011110010 - 11?
110101010011100010011101111
In base 16, what is 2 + 1310b597?
1310b599
In base 11, what is -54642 + 6360?
-49292
In base 6, what is 1303301421 + 1?
1303301422
In base 9, what is -5226667 + 5?
-5226662
In base 13, what is 17b009c - 5?
17b0097
In base 4, what is -12012 + -11011113?
-11023131
In base 2, what is -1010110 - 100100000110111111?
-100100001000010101
In base 6, what is 255322342 - -15?
255322401
In base 4, what is -11 + -11302003012?
-11302003023
In base 9, what is -1712700 - -238?
-1712451
In base 9, what is -44827171 + 0?
-44827171
In base 16, what is -1 + 720171?
720170
In base 12, what is -23b - -169b26?
1698a7
In base 14, what is -1 + 2609ad?
2609ac
In base 2, what is -10100101011011100 - 10100?
-10100101011110000
In base 2, what is -10011 + 1001100011101111111?
1001100011101101100
In base 15, what is 32492ec